ands digit of 264340026?
4
What is the hundreds digit of 60186759?
7
What is the ten millions digit of 342485526?
4
What is the ten thousands digit of 12193419?
9
What is the hundred thousands digit of 16344450?
3
What is the ten millions digit of 14195155?
1
What is the millions digit of 170777676?
0
What is the units digit of 979922047?
7
What is the hundreds digit of 495641105?
1
What is the hundred millions digit of 325786859?
3
What is the hundreds digit of 3573234?
2
What is the ten thousands digit of 4243202?
4
What is the ten millions digit of 3855208927?
5
What is the hundreds digit of 312194772?
7
What is the thousands digit of 6162682?
2
What is the ten millions digit of 1778526204?
7
What is the tens digit of 244768946?
4
What is the hundred thousands digit of 16317445?
3
What is the millions digit of 35827096?
5
What is the thousands digit of 28485914?
5
What is the hundred millions digit of 113804323?
1
What is the ten millions digit of 43988501?
4
What is the millions digit of 827950995?
7
What is the millions digit of 2320029420?
0
What is the ten thousands digit of 11842485?
4
What is the ten millions digit of 49087408?
4
What is the thousands digit of 30460756?
0
What is the thousands digit of 196135177?
5
What is the hundred thousands digit of 4809375742?
3
What is the tens digit of 260750812?
1
What is the millions digit of 121638576?
1
What is the ten millions digit of 43927431?
4
What is the ten thousands digit of 5095322815?
2
What is the millions digit of 572628372?
2
What is the hundred millions digit of 536125794?
5
What is the hundreds digit of 273318598?
5
What is the hundreds digit of 530988676?
6
What is the ten thousands digit of 224004455?
0
What is the ten thousands digit of 20674855?
7
What is the hundreds digit of 388806446?
4
What is the ten thousands digit of 503578015?
7
What is the hundred thousands digit of 414158847?
1
What is the billions digit of 1346421816?
1
What is the tens digit of 1560724496?
9
What is the hundred millions digit of 143141617?
1
What is the millions digit of 699029726?
9
What is the hundred thousands digit of 7181148258?
1
What is the units digit of 14623513?
3
What is the hundred millions digit of 759677466?
7
What is the units digit of 536787376?
6
What is the ten millions digit of 159413956?
5
What is the millions digit of 353025506?
3
What is the thousands digit of 1141463?
1
What is the tens digit of 29934914?
1
What is the tens digit of 33044763?
6
What is the tens digit of 36854555?
5
What is the units digit of 146802046?
6
What is the units digit of 18892682?
2
What is the units digit of 1920825008?
8
What is the units digit of 2565395292?
2
What is the hundreds digit of 138549701?
7
What is the hundreds digit of 2598379976?
9
What is the units digit of 32618990?
0
What is the hundred millions digit of 526410989?
5
What is the millions digit of 35327400?
5
What is the millions digit of 2606365807?
6
What is the ten thousands digit of 100996095?
9
What is the units digit of 3901507476?
6
What is the units digit of 46806535?
5
What is the tens digit of 830015011?
1
What is the millions digit of 660108470?
0
What is the hundreds digit of 478286698?
6
What is the tens digit of 9991474?
7
What is the hundreds digit of 3086877?
8
What is the ten millions digit of 298872132?
9
What is the hundreds digit of 17269318?
3
What is the hundred thousands digit of 352700396?
7
What is the thousands digit of 823244814?
4
What is the ten millions digit of 12771765?
1
What is the hundred thousands digit of 82119391?
1
What is the units digit of 252220303?
3
What is the hundred millions digit of 354334887?
3
What is the hundreds digit of 1706663638?
6
What is the thousands digit of 615574806?
4
What is the ten millions digit of 1083161299?
8
What is the hundred millions digit of 196120955?
1
What is the hundred thousands digit of 301170012?
1
What is the tens digit of 8706880?
8
What is the billions digit of 1330483021?
1
What is the hundred thousands digit of 69703363?
7
What is the hundred millions digit of 1392590447?
3
What is the millions digit of 1249161682?
9
What is the hundreds digit of 741115893?
8
What is the ten millions digit of 22768808?
2
What is the units digit of 392541040?
0
What is the units digit of 45842770?
0
What is the hundred thousands digit of 1206665700?
6
What is the millions digit of 5092777473?
2
What is the units digit of 944612561?
1
What is the thousands digit of 129164086?
4
What is the millions digit of 410700533?
0
What is the ten thousands digit of 19834015?
3
What is the units digit of 91645394?
4
What is the thousands digit of 122816713?
6
What is the tens digit of 1098268122?
2
What is the ten millions digit of 5195505900?
9
What is the hundred millions digit of 575488235?
5
What is the thousands digit of 6151918119?
8
What is the tens digit of 401257168?
6
What is the millions digit of 207474926?
7
What is the tens digit of 19443009?
0
What is the hundreds digit of 562310170?
1
What is the thousands digit of 5751687316?
7
What is the hundred thousands digit of 105885909?
8
What is the millions digit of 306138404?
6
What is the millions digit of 304696942?
4
What is the hundred thousands digit of 8027323947?
3
What is the hundred millions digit of 768353192?
7
What is the millions digit of 127676216?
7
What is the hundred thousands digit of 49641656?
6
What is the tens digit of 126442113?
1
What is the millions digit of 31088267?
1
What is the hundred thousands digit of 38163762?
1
What is the ten millions digit of 49222689?
4
What is the ten thousands digit of 45706976?
0
What is the thousands digit of 1231500837?
0
What is the ten thousands digit of 93798281?
9
What is the hundred thousands digit of 221969342?
9
What is the millions digit of 50757095?
0
What is the hundred millions digit of 9400400083?
4
What is the hundred thousands digit of 183651808?
6
What is the units digit of 2367950782?
2
What is the tens digit of 292878548?
4
What is the hundreds digit of 533700399?
3
What is the tens digit of 51987703?
0
What is the ten millions digit of 122897597?
2
What is the units digit of 147252634?
4
What is the hundred thousands digit of 11235429?
2
What is the hundreds digit of 33937288?
2
What is the millions digit of 2042140532?
2
What is the hundred thousands digit of 97629969?
6
What is the hundred millions digit of 2385363366?
3
What is the hundred thousands digit of 703318664?
3
What is the hundred thousands digit of 84095158?
0
What is the ten thousands digit of 132572659?
7
What is the ten thousands digit of 91331035?
3
What is the thousands digit of 499215083?
5
What is the millions digit of 364610890?
4
What is the tens digit of 66157611?
1
What is the billions digit of 2242224815?
2
What is the units digit of 60908246?
6
What is the thousands digit of 1435301936?
1
What is the units digit of 89102926?
6
What is the hundreds digit of 860939792?
7
What is the hundreds digit of 3320460937?
9
What is the thousands digit of 125837912?
7
What is the hundreds digit of 44920006?
0
What is the hundred thousands digit of 582697238?
6
What is the thousands digit of 90704231?
4
What is the hundred thousands digit of 42171332?
1
What is the hundreds digit of 320113300?
3
What is the thousands digit of 158479788?
9
What is the hundreds digit of 260311093?
0
What is the thousands digit of 556147494?
7
What is the ten millions digit of 286985925?
8
What is the tens digit of 30097524?
2
What is the millions digit of 25470243?
5
What is the ten thousands digit of 2130771205?
7
What is the ten millions digit of 132826542?
3
What is the hundred thousands digit of 115363130?
3
What is the units digit of 89029976?
6
What is the millions digit of 162900419?
2
What is the thousands digit of 39152420?
2
What is the millions digit of 110944168?
0
What is the millions digit of 51839981?
1
What is the units digit of 5912017726?
6
What is the hundred thousands digit of 572926857?
9
What is the hundred millions digit of 271851030?
2
What is the thousands digit of 3052398464?
8
What is the hundred thousands digit of 1255587054?
5
What is the ten thousands digit of 5952589?
5
What is the tens digit of 10286829?
2
What is the thousands digit of 1056333975?
3
What is 